5)?
4361
Let u(n) = -1116*n - 3313. What is u(-3)?
35
Let s(h) = 9*h**3 + 475*h**2 - 105*h + 111. Calculate s(-53).
58
Let h(p) = -p**3 + 16*p**2 - 34145*p + 649836. Determine h(19).
-2
Let a(p) = -p**3 + 79*p**2 - 285*p + 36213. Give a(81).
6
Let h(m) = 138*m - 8281. Give h(50).
-1381
Let t(s) = -872*s - 151668. What is t(-174)?
60
Let x(q) = -43*q**2 + 99*q - 379. Calculate x(12).
-5383
Let o(g) = g**3 + 14*g**2 + 3010*g + 55465. What is o(-18)?
-11
Let b(i) = -i**3 - 62*i**2 - 900*i - 8. Calculate b(-39).
109
Let z(r) = r**3 + 24*r**2 - 4159*r - 88865. Calculate z(-21).
-203
Let x(t) = 29*t**2 - 1157*t - 90. Determine x(40).
30
Let k(y) = y**2 + 2349*y + 1150. Determine k(0).
1150
Let i(h) = h**3 + 345*h**2 - 1171*h - 165508. What is i(-347)?
11
Let d(w) = -w**2 - 793*w - 122791. Calculate d(-211).
11
Let y(i) = -178*i**3 - 2*i**2 - 13*i + 43. Determine y(2).
-1415
Let v(j) = 5896*j + 1108534. Calculate v(-188).
86
Let r(m) = 13021*m + 13086. What is r(-1)?
65
Let d(n) = n**3 - 52*n**2 - 219*n - 3760. Give d(57).
2
Let p(u) = -3*u**3 - 65*u**2 - 13*u + 12. Determine p(-21).
-597
Let b(w) = w**2 + 142*w - 2918. Calculate b(-162).
322
Let o(d) = -d**3 - 191*d**2 + 494*d - 55779. Give o(-195).
-9
Let l(y) = y**3 - 25*y**2 - 357*y + 3073. What is l(33)?
4
Let s(v) = 409239*v - 6138581. Give s(15).
4
Let g(z) = -2340*z - 44343. Give g(-19).
117
Let o(g) = -g**2 + 360*g - 13421. Determine o(317).
210
Let b(n) = -n**3 - 146*n**2 - 474*n - 26778. Calculate b(-144).
6
Let b(r) = -357*r + 9346. What is b(24)?
778
Let k(r) = -3*r**3 + 59*r**2 - 828*r + 15101. Determine k(19).
91
Let s(w) = -w**3 - 66*w**2 + 414*w - 1290. What is s(-72)?
6
Let r(x) = x**3 + 7*x**2 - 16*x - 19. Give r(2).
-15
Let i(c) = -2*c**2 + 153*c + 5249. What is i(102)?
47
Let s(f) = f**3 + 68*f**2 + 825*f - 367. Determine s(-52).
-3
Let v(m) = 5*m**2 - 4974*m - 86006. Calculate v(-17).
-3
Let i(d) = -24*d**3 - 7*d**2 - 104*d - 235. What is i(-3)?
662
Let u(y) = 469*y**2 - 8902*y - 69. Calculate u(19).
102
Let y(j) = -j**3 - 10*j**2 + 39*j - 211. What is y(0)?
-211
Let y(i) = 3*i**3 - 84*i**2 - 15*i + 484. What is y(28)?
64
Let b(y) = -29*y**2 - 60*y - 373. Give b(5).
-1398
Let b(n) = -2969*n + 115424. Calculate b(39).
-367
Let u(t) = -581*t + 8221. Determine u(14).
87
Let o(d) = 3*d**3 + 338*d**2 - 446*d + 1157. What is o(-114)?
17
Let i(d) = -3253*d + 286271. Give i(88).
7
Let g(d) = -6*d**3 - 5483*d**2 - 10959*d + 8. Calculate g(-2).
42
Let d(x) = 2*x**3 + 10*x**2 - 22677*x + 533. Give d(104).
13
Let n(t) = 3*t**2 + 128*t + 2279. What is n(-31)?
1194
Let z(h) = 4*h**3 - 24*h**2 - 206*h - 141. Determine z(-5).
-211
Let y(d) = 473*d + 22689. Determine y(-56).
-3799
Let o(z) = 18*z**2 + 1385*z - 162565. Calculate o(-141).
8
Let f(l) = -8*l**2 - 280*l - 192. What is f(-33)?
336
Let z(m) = m**3 - 14*m**2 + 32*m - 239. Calculate z(13).
8
Let n(x) = x**2 - 8995*x - 515954. Determine n(-57).
10
Let l(f) = -20783*f - 83120. What is l(-4)?
12
Let r(q) = -30*q + 357. Give r(-8).
597
Let r(p) = -5100*p - 106900. Calculate r(-21).
200
Let y(a) = -a**3 + 113*a**2 + 12283*a + 4612. What is y(181)?
87
Let g(v) = 3*v**2 + 132*v + 851. Give g(-33).
-238
Let o(y) = -4*y**2 - 13281*y - 38. Calculate o(0).
-38
Let r(f) = 2672*f + 50769. What is r(-19)?
1
Let o(m) = -m**2 + 61*m + 212082. Give o(492).
30
Let i(u) = -2893*u + 8795. Determine i(3).
116
Let w(z) = 282*z**2 - 6792*z + 577. Determine w(24).
1
Let v(g) = -3*g**2 + 1609*g - 21960. Determine v(14).
-22
Let t(h) = h**3 + h**2 + 1685*h - 3288. Calculate t(0).
-3288
Let n(c) = 2*c**2 + 1009*c - 20941. Determine n(20).
39
Let b(p) = p**2 - 67*p - 7665. Give b(127).
-45
Let x(u) = -4*u**3 + 2*u**2 + 305*u - 244. Give x(12).
-3208
Let b(m) = -9*m**2 - 2584*m - 59146. Calculate b(-262).
66
Let l(g) = -28253*g - 1751691. Calculate l(-62).
-5
Let k(g) = 1079*g - 17272. Calculate k(16).
-8
Let a(x) = 188*x + 5328. What is a(-24)?
816
Let u(i) = -3*i**3 + 230*i**2 + 69*i + 743. Calculate u(77).
127
Let h(o) = -180*o**2 - 54652*o + 20677. Determine h(-304).
5
Let a(c) = 9*c - 234. Give a(13).
-117
Let y(u) = -444146*u + 2664876. What is y(6)?
0
Let u(o) = -2*o**3 - 52*o**2 - 106*o - 471. Calculate u(-23).
-1207
Let t(w) = w**3 + 66*w**2 - 35*w + 256. Determine t(0).
256
Let y(r) = -99*r - 7125. What is y(-79)?
696
Let n(x) = -x**2 - 50905*x + 509133. What is n(10)?
-17
Let b(v) = -v**3 - 276*v**2 + 15934*v + 2921. Determine b(-325).
-4
Let u(w) = -607*w - 103243. Give u(-170).
-53
Let g(z) = z**3 - 24*z**2 + 165*z + 121. What is g(22)?
2783
Let g(p) = 14*p**2 + 50*p - 123. Determine g(-7).
213
Let d(v) = 21156*v + 21164. Give d(-1).
8
Let o(m) = -105480*m + 6223371. Calculate o(59).
51
Let y(b) = b**3 + 207*b**2 + 4*b + 325. Calculate y(-207).
-503
Let u(g) = 3*g**2 + 29*g - 298. Give u(14).
696
Let t(g) = 133*g**2 - 3470*g + 3622. Calculate t(25).
-3
Let s(m) = -4760*m - 312658. Calculate s(-66).
1502
Let y(u) = -5*u**2 + 4022*u - 66950. What is y(17)?
-21
Let p(h) = 275*h - 6120. What is p(23)?
205
Let y(w) = 46128*w + 415138. Calculate y(-9).
-14
Let u(b) = -87*b**3 + 2*b**2 - 15*b + 20. Determine u(2).
-698
Let a(d) = -1782*d - 708. Calculate a(1).
-2490
Let h(s) = 11*s**3 - 168*s**2 + 19*s + 472. Calculate h(15).
82
Let v(p) = -27*p**2 - 7325*p + 43989. Calculate v(6).
-933
Let m(r) = 458*r + 9824. Determine m(-20).
664
Let s(j) = j**2 - 6290*j - 18868. Determine s(-3).
11
Let u(y) = -543*y**2 - 119*y + 114. Give u(1).
-548
Let i(y) = 36*y**3 - 27*y**2 - 410*y - 19. Calculate i(-3).
-4
Let k(w) = 3153*w - 31147. What is k(10)?
383
Let q(x) = -21*x**3 - 19*x**2 - 66*x - 9. Give q(-4).
1295
Let k(s) = 14*s**2 - 4*s - 634. Give k(0).
-634
Let y(v) = v**3 - 174*v**2 + 5234*v + 4081. What is y(135)?
-104
Let i(l) = -36*l**2 + 994*l - 497. What is i(27)?
97
Let r(g) = -2813*g + 2920. Calculate r(1).
107
Let j(a) = -23*a**3 - 174*a**2 - 286*a + 143. Determine j(-4).
-25
Let q(y) = 22*y**2 - 178*y - 195. Determine q(8).
-211
Let o(p) = -p**2 + 193*p + 2464. Give o(-12).
4
Let s(m) = 3*m**2 + 60*m + 340. Give s(-8).
52
Let m(i) = 3*i**2 + 1533*i - 59813. Give m(39).
4537
Let y(c) = -651*c - 517. Give y(-1).
134
Let l(j) = 4085*j + 1744644. Give l(-427).
349
Let f(l) = -l**3 + 41*l**2 + 1875*l - 8102. Calculate f(4).
-10
Let j(w) = -w**3 - 380*w**2 + 9697*w + 418. What is j(24)?
442
Let a(v) = 2*v**2 + 179*v + 1393. Determine a(-82).
163
Let x(z) = 356*z - 17543. Determine x(48).
-455
Let n(z) = 61*z**3 + 2255*z**2 - 4*z + 2579. Calculate n(-37).
-11
Let b(p) = 63*p**2 - 58*p + 241. What is b(4)?
1017
Let v(i) = 2*i**3 - 15*i**2 - 50*i + 190. Calculate v(9).
-17
Let r(k) = -8*k**3 + 4111*k**2 + 528*k - 7347. Calculate r(514).
-151
Let p(b) = -78*b**2 + 1406*b - 273. What is p(18)?
-237
Let f(c) = -4*c**2 - 274*c - 363. Give f(-71).
-1073
Let t(v) = -80545*v**2 - 161087*v + 13. Give t(-2).
7
Let k(i) = -2747*i - 10976. Determine k(-4).
12
Let m(w) = 166556*w - 2664896. Give m(16).
0
Let d(t) = t**3 + 620*t**2 + 16559*t - 545. What is d(-28)?
-69
Let g(y) = -y**2 + 7061*y - 778227. Determine g(112).
61
Let u(j) = -26*j**2 - j - 376. Give u(0).
-376
Let j(l) = 1480*l + 6281. Determine j(-5).
-1119
Let i(q) = -8715*q + 8484. What is i(1)?
-231
Let i(p) = 345*p - 8085. Determine i(22).
-495
Let l(j) = 22263*j - 44576. Calculate l(2).
-50
Let k(o) = -o**3 + 10*o**2 - 43*o + 18. Calculate k(5).
-72
Let c(z) = 6589*z + 322849. What is c(-49)?
-12
Let s(h) = -64570*h - 1033120. Calculate s(-16).
0
Let p(u) = 484*u + 4950. What is p(-10)?
110
Let j(h) = -2*h**3 + 894*h**2 + 11968*h - 3696. Calculate j(460).
-16
Let i(w) = -19*w**3 - 341*w**2 + 392*w + 234. What is i(-19)?
6
Let u(c) = 7043*c + 56316. Determine u(-8).
-28
Let d(z) = z**3 - 31*z**2 + 108*z - 725. Give d(26).
-1297
Let u(k) = -33457*k - 167435. Determine u(-5).
-150
Let u(r) = r**3 + 38*r**2 - 864*r + 35. What is u(-54)?
35
Let n(b) = -b**2 + 3197*b - 60462. Calculate n(19).
-80
Let v(o) = -o**3 + 149*o**2 + 125*o + 3825. What is v(150)?
75
Let m(v) = 579*v - 280. Calculate m(0).
-280
Let z(s) = 10073*s**2 + 30231*s - 8. Calculate z(-3).
-44
Let w(c) = 3428*c - 740445. Give w(216).
3
Let h(n) = 2*n**2 + 1411*n - 42586. Determine h(29).
15
Let v(j) = j**3 + 5*j**2 - 518*j - 4439. Calculate v(-9).
-1